[INFO] cloning repository https://github.com/justinwoo/soba
[INFO] running `Command { std: "git" "-c" "credential.helper=" "-c" "credential.helper=/workspace/cargo-home/bin/git-credential-null" "clone" "--bare" "https://github.com/justinwoo/soba" "/workspace/cache/git-repos/https%3A%2F%2Fgithub.com%2Fjustinwoo%2Fsoba", kill_on_drop: false }`
[INFO] [stderr] Cloning into bare repository '/workspace/cache/git-repos/https%3A%2F%2Fgithub.com%2Fjustinwoo%2Fsoba'...
[INFO] running `Command { std: "git" "rev-parse" "HEAD", kill_on_drop: false }`
[INFO] [stdout] 434e1476d8fb8c2ee894835ca94bcfc79b180292
[INFO] building justinwoo/soba against master#ff34b919075f35a1787659e9c448a34b06bab8de for issue-85264
[INFO] running `Command { std: "git" "clone" "/workspace/cache/git-repos/https%3A%2F%2Fgithub.com%2Fjustinwoo%2Fsoba" "/workspace/builds/worker-3/source", kill_on_drop: false }`
[INFO] [stderr] Cloning into '/workspace/builds/worker-3/source'...
[INFO] [stderr] done.
[INFO] validating manifest of git repo https://github.com/justinwoo/soba on toolchain ff34b919075f35a1787659e9c448a34b06bab8de
[INFO] running `Command { std: "/workspace/cargo-home/bin/cargo" "+ff34b919075f35a1787659e9c448a34b06bab8de" "metadata" "--manifest-path" "Cargo.toml" "--no-deps", kill_on_drop: false }`
[INFO] started tweaking git repo https://github.com/justinwoo/soba
[INFO] finished tweaking git repo https://github.com/justinwoo/soba
[INFO] tweaked toml for git repo https://github.com/justinwoo/soba written to /workspace/builds/worker-3/source/Cargo.toml
[INFO] crate git repo https://github.com/justinwoo/soba already has a lockfile, it will not be regenerated
[INFO] running `Command { std: "/workspace/cargo-home/bin/cargo" "+ff34b919075f35a1787659e9c448a34b06bab8de" "fetch" "--manifest-path" "Cargo.toml", kill_on_drop: false }`
[INFO] running `Command { std: "docker" "create" "-v" "/var/lib/crater-agent-workspace/builds/worker-3/target:/opt/rustwide/target:rw,Z" "-v" "/var/lib/crater-agent-workspace/builds/worker-3/source:/opt/rustwide/workdir:ro,Z" "-v" "/var/lib/crater-agent-workspace/cargo-home:/opt/rustwide/cargo-home:ro,Z" "-v" "/var/lib/crater-agent-workspace/rustup-home:/opt/rustwide/rustup-home:ro,Z" "-e" "SOURCE_DIR=/opt/rustwide/workdir" "-e" "CARGO_TARGET_DIR=/opt/rustwide/target" "-e" "CARGO_HOME=/opt/rustwide/cargo-home" "-e" "RUSTUP_HOME=/opt/rustwide/rustup-home" "-w" "/opt/rustwide/workdir" "-m" "1610612736" "--user" "0:0" "--network" "none" "ghcr.io/rust-lang/crates-build-env/linux@sha256:20528e8c29e4536546f0102ce88568b16ea7538393a33fcca951030f7af10457" "/opt/rustwide/cargo-home/bin/cargo" "+ff34b919075f35a1787659e9c448a34b06bab8de" "metadata" "--no-deps" "--format-version=1", kill_on_drop: false }`
[INFO] [stdout] cc294316edf7b4148d1781c14c0a8958c0d41aac91344f8d9be70d8a46da303d
[INFO] [stderr] WARNING: Your kernel does not support swap limit capabilities or the cgroup is not mounted. Memory limited without swap.
[INFO] running `Command { std: "docker" "start" "-a" "cc294316edf7b4148d1781c14c0a8958c0d41aac91344f8d9be70d8a46da303d", kill_on_drop: false }`
[INFO] running `Command { std: "docker" "inspect" "cc294316edf7b4148d1781c14c0a8958c0d41aac91344f8d9be70d8a46da303d", kill_on_drop: false }`
[INFO] running `Command { std: "docker" "rm" "-f" "cc294316edf7b4148d1781c14c0a8958c0d41aac91344f8d9be70d8a46da303d", kill_on_drop: false }`
[INFO] [stdout] cc294316edf7b4148d1781c14c0a8958c0d41aac91344f8d9be70d8a46da303d
[INFO] running `Command { std: "docker" "create" "-v" "/var/lib/crater-agent-workspace/builds/worker-3/target:/opt/rustwide/target:rw,Z" "-v" "/var/lib/crater-agent-workspace/builds/worker-3/source:/opt/rustwide/workdir:ro,Z" "-v" "/var/lib/crater-agent-workspace/cargo-home:/opt/rustwide/cargo-home:ro,Z" "-v" "/var/lib/crater-agent-workspace/rustup-home:/opt/rustwide/rustup-home:ro,Z" "-e" "SOURCE_DIR=/opt/rustwide/workdir" "-e" "CARGO_TARGET_DIR=/opt/rustwide/target" "-e" "CARGO_INCREMENTAL=0" "-e" "RUST_BACKTRACE=full" "-e" "RUSTFLAGS=--cap-lints=forbid" "-e" "CARGO_HOME=/opt/rustwide/cargo-home" "-e" "RUSTUP_HOME=/opt/rustwide/rustup-home" "-w" "/opt/rustwide/workdir" "-m" "1610612736" "--user" "0:0" "--network" "none" "ghcr.io/rust-lang/crates-build-env/linux@sha256:20528e8c29e4536546f0102ce88568b16ea7538393a33fcca951030f7af10457" "/opt/rustwide/cargo-home/bin/cargo" "+ff34b919075f35a1787659e9c448a34b06bab8de" "build" "--frozen" "--message-format=json", kill_on_drop: false }`
[INFO] [stdout] e2f985e65cede186de8bcd022728de5fa4773b47cc432f734eecbb2bd79eca16
[INFO] [stderr] WARNING: Your kernel does not support swap limit capabilities or the cgroup is not mounted. Memory limited without swap.
[INFO] running `Command { std: "docker" "start" "-a" "e2f985e65cede186de8bcd022728de5fa4773b47cc432f734eecbb2bd79eca16", kill_on_drop: false }`
[INFO] [stderr]    Compiling proc-macro2 v1.0.7
[INFO] [stderr]    Compiling syn v1.0.13
[INFO] [stderr]    Compiling scopeguard v1.0.0
[INFO] [stderr]    Compiling rayon-core v1.7.0
[INFO] [stderr]    Compiling either v1.5.3
[INFO] [stderr]    Compiling crossbeam-utils v0.7.0
[INFO] [stderr]    Compiling crossbeam-epoch v0.8.0
[INFO] [stderr]    Compiling memoffset v0.5.3
[INFO] [stderr]    Compiling num_cpus v1.11.1
[INFO] [stderr]    Compiling crossbeam-queue v0.2.1
[INFO] [stderr]    Compiling quote v1.0.2
[INFO] [stderr]    Compiling crossbeam-deque v0.7.2
[INFO] [stderr]    Compiling rayon v1.3.0
[INFO] [stderr]    Compiling serde_derive v1.0.104
[INFO] [stderr]    Compiling serde v1.0.104
[INFO] [stderr]    Compiling serde_json v1.0.44
[INFO] [stderr]    Compiling soba v0.1.0 (/opt/rustwide/workdir)
[INFO] [stdout] error[E0754]: trying to load file for module `ダル` with non-ascii identifier name
[INFO] [stdout]  --> src/lib.rs:3:9
[INFO] [stdout]   |
[INFO] [stdout] 3 | pub mod ダル;
[INFO] [stdout]   |         ^^^^
[INFO] [stdout]   |
[INFO] [stdout]   = help: consider using `#[path]` attribute to specify filesystem path
[INFO] [stdout] 
[INFO] [stdout] 
[INFO] [stdout] error[E0754]: trying to load file for module `肉s` with non-ascii identifier name
[INFO] [stdout]  --> src/lib.rs:4:9
[INFO] [stdout]   |
[INFO] [stdout] 4 | pub mod 肉s;
[INFO] [stdout]   |         ^^^
[INFO] [stdout]   |
[INFO] [stdout]   = help: consider using `#[path]` attribute to specify filesystem path
[INFO] [stdout] 
[INFO] [stdout] 
[INFO] [stdout] error[E0754]: trying to load file for module `パケ` with non-ascii identifier name
[INFO] [stdout]  --> src/lib.rs:5:9
[INFO] [stdout]   |
[INFO] [stdout] 5 | pub mod パケ;
[INFO] [stdout]   |         ^^^^
[INFO] [stdout]   |
[INFO] [stdout]   = help: consider using `#[path]` attribute to specify filesystem path
[INFO] [stdout] 
[INFO] [stdout] 
[INFO] [stdout] error[E0754]: trying to load file for module `系` with non-ascii identifier name
[INFO] [stdout]  --> src/lib.rs:6:9
[INFO] [stdout]   |
[INFO] [stdout] 6 | pub mod 系;
[INFO] [stdout]   |         ^^
[INFO] [stdout]   |
[INFO] [stdout]   = help: consider using `#[path]` attribute to specify filesystem path
[INFO] [stdout] 
[INFO] [stdout] 
[INFO] [stdout] error: aborting due to 4 previous errors
[INFO] [stdout] 
[INFO] [stdout] 
[INFO] [stdout] For more information about this error, try `rustc --explain E0754`.
[INFO] [stdout] 
[INFO] [stderr] error: could not compile `soba`
[INFO] [stderr] 
[INFO] [stderr] To learn more, run the command again with --verbose.
[INFO] [stderr] warning: build failed, waiting for other jobs to finish...
[INFO] [stderr] error: build failed
[INFO] running `Command { std: "docker" "inspect" "e2f985e65cede186de8bcd022728de5fa4773b47cc432f734eecbb2bd79eca16", kill_on_drop: false }`
[INFO] running `Command { std: "docker" "rm" "-f" "e2f985e65cede186de8bcd022728de5fa4773b47cc432f734eecbb2bd79eca16", kill_on_drop: false }`
[INFO] [stdout] e2f985e65cede186de8bcd022728de5fa4773b47cc432f734eecbb2bd79eca16
